*r**4/4 - r**3/3 + 1. Suppose 5*l - 6*s - 14 = -3*s, 4*s + 10 = -2*l. Is t(l) composite?
True
Suppose -2*z - 2*z = 208. Let i(d) = d**3 - d**2 - 2*d + 2. Let h be i(2). Is ((-22)/4)/(h/z) a prime number?
False
Suppose -3*c + 15 = 2*c. Let r(k) = -4*k**3 + 2*k**2 + 4*k. Let a be r(-3). Suppose y + a = c*y. Is y a composite number?
True
Suppose 0 = 4*s + 132 + 48. Let q = s - -23. Let w = 57 + q. Is w composite?
True
Let x(r) = -r**3 - 2*r**2 - 4*r - 2. Let n be x(-2). Let a = -4 + n. Is ((0 - a) + -21)*-1 prime?
True
Suppose 0 = 20*v - 18*v - 1002. Is v composite?
True
Suppose 2*v + 0 = 12. Is (-3)/v*(0 - 106) a prime number?
True
Suppose 0 = 5*t - 2 - 13. Suppose 8*v - t*v - 415 = 0. Is v a prime number?
True
Suppose -5*b + 32 + 278 = 0. Suppose -231 = -o + b. Is o composite?
False
Let v = -13 - -7. Let c(n) = -n - 1. Let m be c(v). Let u = -2 + m. Is u a composite number?
False
Let q(j) = -190*j + 1. Let c(b) = b + 1. Let l(d) = -6*c(d) - q(d). Is l(3) a prime number?
False
Let b be 5 - 5 - (-5 + -1). Suppose 2*d = 5*c + b*d - 299, c + 5*d = 64. Is c a composite number?
False
Suppose -4*l - 12 = -0*l, -5*l + 1973 = 4*z. Is z a composite number?
True
Suppose -7 = -4*k + 9. Suppose 5*n - 90 = k*u, -n - u = -0*u - 9. Suppose 0 = v - 3*b - 43, v + b = -n + 61. Is v a prime number?
False
Let t = 7 + -2. Let r = t + -11. Is (-16)/r - 4/6 composite?
False
Let a(f) = 401*f**2 + f. Let g be a(-1). Let n = g - 99. Is n composite?
True
Suppose -2*u = 10, c - 3*u = u + 20. Suppose 7*q - 3*q - 16 = c. Suppose q*x = 6*x - 298. Is x a composite number?
False
Let r(l) = 4*l**2 - 4. Let k be r(-3). Suppose -2*v + 6*v = 5*w - 141, w - k = -3*v. Let t = w + -6. Is t a prime number?
True
Let y(p) = p**2 - p. Let o be y(2). Suppose -d + o = -0*d. Is (0 - -1)*(11 - d) prime?
False
Let w(y) = 27*y - 7. Is w(14) composite?
True
Let m(i) = 78*i**2 + 3*i - 2. Is m(1) prime?
True
Let o(j) = 4 + 6*j**3 - 3*j**2 + 5*j**2 - j - 4*j**2 - 4*j**3. Is o(3) a composite number?
False
Let i(c) = -36*c + 5. Suppose -4*g = -13 - 7. Let v be i(g). Let w = -122 - v. Is w prime?
True
Let s be 58/(-12) + 3/(-18). Let m = 5 + s. Suppose m = -i + 4*i + 6, -5*k = -i - 347. Is k a prime number?
False
Let m = -2 + 3. Let j = m - 1. Let a(q) = q**2 - q + 37. Is a(j) a composite number?
False
Suppose 0*i + j + 7195 = 4*i, -5398 = -3*i - j. Is i a composite number?
True
Let z be 4*(6/4 + 0). Let i be 1 + 51/(-9) + 22/33. Is (-9)/2*i/z composite?
False
Let k(t) = -7*t - 19. Is k(-8) prime?
True
Let u = -373 - -608. Is u prime?
False
Let g(j) = -2*j**2 - 2*j + 2. Let m be g(3). Let l = -8 - m. Is l prime?
False
Suppose v - 554 - 346 = 0. Suppose 772 = m - 4*h, 5*m = -2*h + 2916 + v. Is m/8 - 9/(-6) a prime number?
True
Let b(h) = -4*h**2 + 21*h - 9. Let l(w) = w**2 - w - 1. Let c(p) = b(p) + 3*l(p). Is c(13) composite?
False
Let w(s) = s + 2. Let t be w(-3). Is (4/8)/(t/(-238)) a prime number?
False
Let d be 3/(-12) - 650/(-8). Is d/1 - (-4 + 2) composite?
False
Is 2 - 2*-16*(-84)/(-7) a composite number?
True
Suppose -2112 + 6894 = 6*r. Is r composite?
False
Let u(p) = p**2 + 9*p + 5. Let m be u(-8). Is 62/m*18/(-4) composite?
True
Let j(q) = 2*q + 2. Let c be j(2). Suppose 2*x - 5*h - 9 = 0, 2*h + c = 2*x - 0*h. Suppose 4*k - 47 = -k - 3*r, -3*k = x*r - 29. Is k a composite number?
False
Let p(j) = 85*j**3 + 2*j**2 + j. Let q be p(2). Suppose q - 169 = h. Is h composite?
False
Let p be 6/10*(9 + -4). Is (5 - p) + 1 + 8 a composite number?
False
Let h = -49 + 24. Let l = 68 + h. Is l a composite number?
False
Let r be 6492/16 - 3/(-12). Suppose -69 + 480 = h - 4*m, h - r = -m. Is h a composite number?
True
Let g = -1046 + 1549. Is g a composite number?
False
Suppose -225 = -4*t + 1723. Is t a prime number?
True
Suppose 5*d - 28 = -4*q, 4*q = -3*d + 2*q + 16. Suppose -n - 573 = -d*n. Is n composite?
False
Is 1 + -2 + 1410/3 composite?
True
Suppose 3*o + 3 = 2*o, -l + 118 = o. Is l a prime number?
False
Let v(t) = 3*t**3 + 7*t**2 - 7*t - 16. Is v(5) a composite number?
False
Suppose 1 = g - 2, 2432 = 5*b - g. Is b a prime number?
True
Let s(g) = g**3 + g**2 + 6. Let q be s(0). Suppose 51 = 3*b + q. Is b prime?
False
Let o = 1 + 2. Suppose 0 = -o*l + 2*p + 33, 2*l = -0*l + 4*p + 30. Is (-6)/(-9) + 489/l composite?
True
Suppose n + 0*n - 3 = 0. Suppose 0 = n*j + 2*j - 30. Is -95*(-3)/j*2 composite?
True
Let y = 19 + -9. Is (299/26)/(1/y) a prime number?
False
Suppose -3*h + 4746 = -l + 1292, -4*h - 4*l + 4600 = 0. Is h composite?
False
Let n = 3 + -2. Suppose t = n + 3. Let k(o) = -o**3 + 9*o**2 + 4*o - 5. Is k(t) a composite number?
True
Let g = -189 + 124. Let i = g - -26. Let f = 14 - i. Is f a composite number?
False
Suppose 5*r + 2*k = 1865, -5*k - 617 = -4*r + 842. Is r composite?
True
Let a(d) = 47*d**3 - d**2 + 2*d - 7. Is a(3) a composite number?
False
Let d(p) = p**2 + 8*p + 3. Let f = 9 + -14. Let a be d(f). Let m = a - -25. Is m prime?
True
Suppose 5*q = -0*q + 10. Suppose -b = -2*b. Suppose -x - q*x + 105 = b. Is x a composite number?
True
Let w = 5 + -6. Is 0 - (-206 + 4 + w) a composite number?
True
Suppose 5*c - 2262 = 2003. Is c a prime number?
True
Let q(z) = z + 12. Let i be q(-7). Suppose -5*a - 25 = 0, 10*a - 5*a = i*p - 385. Suppose -15 = 3*f - p. Is f a composite number?
False
Let u = 166 - 70. Suppose 5*a + u = 421. Is a prime?
False
Let k be (-3 + 2)*-1 - -10. Let i = 10 + k. Is i prime?
False
Let x be 30/9 + 1/(-3). Suppose 5*s - x*s = 138. Suppose 3*j = -4*i + i + s, 5*j = 20. Is i composite?
False
Let v = 19 + 61. Let t = v + 35. Is t prime?
False
Suppose -2*g + 506 = -3*i, g = -0*g - 3*i + 271. Is g a composite number?
True
Let s(z) = 13*z**2 - 3*z - 2. Let r be s(-1). Is 5*r*(-44)/(-40) a composite number?
True
Let u(i) = i - 8. Let w be u(8). Suppose -4*v + 2*v - 9 = 3*m, -2*v + m + 11 = w. Suppose 2*s - 241 = -2*s + v*a, -5*a = 4*s - 217. Is s a prime number?
False
Suppose -2*s - 3*r + 158 = -4*r, 0 = -3*s - 2*r + 237. Is s a composite number?
False
Suppose -2*i + i = -1. Let p(k) = 6*k**2 + k**3 - 2 - 3 + i + 2*k. Is p(-5) a prime number?
True
Let o = -4 + 2. Let r be 54/o - (-4)/(-2). Let n = r - -82. Is n prime?
True
Let o(y) be the third derivative of y**6/120 + 2*y**5/15 + y**3/2 + y**2. Let x be o(-8). Suppose -10 = 2*s, -g - g = x*s - 99. Is g composite?
True
Let x(b) = 7*b**3 + b**2 + 2*b - 3. Is x(4) prime?
False
Let o(q) = q**2 + q. Let h be o(-2). Let w(f) = -4*f + 32*f**2 + 2*f - 3 + 4 + f. Is w(h) a prime number?
True
Let k = 94 + -57. Is k a composite number?
False
Let v be 147/(-28)*16/(-6). Let y = 51 - v. Is y composite?
False
Suppose r - 26 = -5. Is r a prime number?
False
Suppose -3*m + 2*m = -3, 0 = 4*w + 5*m - 19. Let d(t) = 0 + 29*t - 3 + 6 - w. Is d(3) a composite number?
False
Let y = -3 - -11. Let m(u) = u**2 - 8. Let f be m(y). Let k = f - -39. Is k composite?
True
Let b(o) = o**3 + 8*o**2 + 6*o - 9. Let w be b(-7). Is w/2*(-4 + -219) a composite number?
False
Let j = 14586 - 5851. Is j composite?
True
Suppose -17977 = -13*c - 6004. Is c prime?
False
Let d(u) = -7*u - 9. Is d(-4) composite?
False
Let c = -4 - 11. Is 3/c + (-896)/(-5) composite?
False
Let n = 661 + -123. Let c = n - 285. Is c composite?
True
Suppose 0 = -4*m + 13 + 3. Suppose 4*x + 5*v - m - 5 = 0, 1 = 2*x - v. Is (0/2)/x - -22 composite?
True
Suppose -4*m + 6 - 205 = 5*h, 5*m + 260 = -4*h. Let t = 50 - m. Is t a composite number?
True
Let b = -3032 - -4321. Let d be 16/9 + 4/18. Suppose -d*o - o - k + 775 = 0, -b = -5*o - 3*k. Is o prime?
False
Let i(n) = 11*n**2 + 6*n + 7*n**2 + n**3 - 4*n**2 - 5. Is i(-12) a composite number?
False
Let k(l) = 37*l + 10. Let r(w) = 37*w + 11. Let m(j) = -4*k(j) + 3*r(j). Is m(-5) prime?
False
Let v(q) = -68*q - 1. Let h = -5 + 9. Let m = h + -5. Is v(m) a composite number?
False
Let l(h) = 36*h - 19. Is l(13) prime?
True
Is (-1814)/((-5)/5 + -1) prime?
True
Let q(i) = i**3 + 3*i**2 - i - 3. Let k be q(-3). Suppose k = -3*h + 4*h - 191. Is h a composite number?
False
Let n = 21 - 17. Is n prime?
False
Let z(u) = 7*u**2 + 3*u - 3. Is z(-7) prime?
False
Let f(v) = -6*v + 5. Let n be f(-5). Suppose -y + 4*z + 13 - 5 = 0, 3*y - 5*z = 38. Let m = n - y. Is m composite?
False
Let k(z) = 2*z. Suppose -58 + 18 = 2*d + 2*a, 4*d + 2*a + 72 = 0. 